{"id":488,"date":"2021-01-20T14:26:11","date_gmt":"2021-01-20T14:26:11","guid":{"rendered":"https:\/\/goekalan-fotografie.de\/?page_id=488"},"modified":"2021-01-20T19:37:40","modified_gmt":"2021-01-20T19:37:40","slug":"babyatelier","status":"publish","type":"page","link":"https:\/\/goekalan-fotografie.de\/?page_id=488","title":{"rendered":"Babyatelier"},"content":{"rendered":"\n<h1 class=\"wp-block-heading\"><span style=\"font-family: georgia, palatino, serif; color: #808080;\">Einblick in mein kleines Babyatelier<\/span><\/h1>\n\n\n\n<h1 class=\"wp-block-heading\"><span style=\"font-size: 18pt; color: #808080; font-family: georgia, palatino, serif;\">Nat\u00fcrlich &#8211; Pur -Kreativ<\/span><\/h1>\n\n\n\n<p class=\"has-text-align-left\"><span style=\"font-family: georgia, palatino, serif; color: #808080; font-size: 14pt;\">In meinen Anf\u00e4ngen habe ich ausschlie\u00dflich in der freien Natur fotografiert, habe&nbsp; mir aber immer einen Platz gew\u00fcnscht, an dem ich insbesondere Babies in einer ruhigen Umgebung fotografieren kann.<\/span><\/p>\n\n\n\n<p class=\"has-text-align-left\"><span style=\"font-family: georgia, palatino, serif; color: #808080; font-size: 14pt;\">Unser Dachboden, der ungenutzt nur als Abstellkammer genutzt wurde, war perfekt daf\u00fcr geeignet. Nach wochenlangem Ausmisten und renovieren, ist mein kleines Studio zum Vorschein gekommen. In dieser hellen, ruhigen und famili\u00e4ren Atmosph\u00e4re kann ich nun die kleinen M\u00e4use fotografieren, w\u00e4hrend die Eltern entspannt das Treiben beobachten k\u00f6nnen<\/span><\/p>\n\n\n\n<p class=\"has-text-align-left\"><span style=\"font-family: georgia, palatino, serif; font-size: 14pt; color: #808080;\">Mit viel Liebe zum Detail, sanften Farben und Materialien, stelle ich die meisten Foto Accessoires selber her. Wenn ich also nicht fotografiere, bin ich meistens am Stricken, N\u00e4hen, H\u00e4keln oder Basteln \ud83d\ude42<\/span><\/p>\n\n\n\n<div class=\"wp-block-image\"><figure class=\"aligncenter size-full\"><img decoding=\"async\" src=\"https:\/\/xn--knigskinderfotografie-hec.de\/wp-content\/uploads\/2021\/01\/Untitled-3.jpg\" alt=\"\" class=\"wp-image-152\"\/><\/figure><\/div>\n","protected":false},"excerpt":{"rendered":"<p>Einblick in mein kleines Babyatelier Nat\u00fcrlich &#8211; Pur -Kreativ In meinen Anf\u00e4ngen habe ich ausschlie\u00dflich in der freien Natur fotografiert, habe&nbsp; mir aber immer einen Platz gew\u00fcnscht, an dem ich insbesondere Babies in einer ruhigen Umgebung fotografieren kann. Unser Dachboden, der ungenutzt nur als Abstellkammer genutzt wurde, war perfekt daf\u00fcr geeignet. Nach wochenlangem Ausmisten und...<\/p>\n","protected":false},"author":1,"featured_media":0,"parent":0,"menu_order":0,"comment_status":"closed","ping_status":"closed","template":"","meta":{"pp_embeds":"{}","footnotes":""},"class_list":["post-488","page","type-page","status-publish","hentry"],"yoast_head":"<!-- This site is optimized with the Yoast SEO plugin v25.1 - https:\/\/yoast.com\/wordpress\/plugins\/seo\/ -->\n<title>Babyatelier - G\u00f6kalan Fotografie<\/title>\n<meta name=\"robots\" content=\"index, follow, max-snippet:-1, max-image-preview:large, max-video-preview:-1\" \/>\n<link rel=\"canonical\" href=\"https:\/\/goekalan-fotografie.de\/?page_id=488\" \/>\n<meta property=\"og:locale\" content=\"de_DE\" \/>\n<meta property=\"og:type\" content=\"article\" \/>\n<meta property=\"og:title\" content=\"Babyatelier - G\u00f6kalan Fotografie\" \/>\n<meta property=\"og:description\" content=\"Einblick in mein kleines Babyatelier Nat\u00fcrlich &#8211; Pur -Kreativ In meinen Anf\u00e4ngen habe ich ausschlie\u00dflich in der freien Natur fotografiert, habe&nbsp; mir aber immer einen Platz gew\u00fcnscht, an dem ich insbesondere Babies in einer ruhigen Umgebung fotografieren kann. Unser Dachboden, der ungenutzt nur als Abstellkammer genutzt wurde, war perfekt daf\u00fcr geeignet. Nach wochenlangem Ausmisten und [&hellip;]\" \/>\n<meta property=\"og:url\" content=\"https:\/\/goekalan-fotografie.de\/?page_id=488\" \/>\n<meta property=\"og:site_name\" content=\"G\u00f6kalan Fotografie\" \/>\n<meta property=\"article:modified_time\" content=\"2021-01-20T19:37:40+00:00\" \/>\n<meta property=\"og:image\" content=\"https:\/\/xn--knigskinderfotografie-hec.de\/wp-content\/uploads\/2021\/01\/Untitled-3.jpg\" \/>\n<meta name=\"twitter:card\" content=\"summary_large_image\" \/>\n<meta name=\"twitter:label1\" content=\"Gesch\u00e4tzte Lesezeit\" \/>\n\t<meta name=\"twitter:data1\" content=\"1\u00a0Minute\" \/>\n<script type=\"application\/ld+json\" class=\"yoast-schema-graph\">{\"@context\":\"https:\/\/schema.org\",\"@graph\":[{\"@type\":\"WebPage\",\"@id\":\"https:\/\/goekalan-fotografie.de\/?page_id=488\",\"url\":\"https:\/\/goekalan-fotografie.de\/?page_id=488\",\"name\":\"Babyatelier - G\u00f6kalan Fotografie\",\"isPartOf\":{\"@id\":\"https:\/\/goekalan-fotografie.de\/#website\"},\"primaryImageOfPage\":{\"@id\":\"https:\/\/goekalan-fotografie.de\/?page_id=488#primaryimage\"},\"image\":{\"@id\":\"https:\/\/goekalan-fotografie.de\/?page_id=488#primaryimage\"},\"thumbnailUrl\":\"https:\/\/xn--knigskinderfotografie-hec.de\/wp-content\/uploads\/2021\/01\/Untitled-3.jpg\",\"datePublished\":\"2021-01-20T14:26:11+00:00\",\"dateModified\":\"2021-01-20T19:37:40+00:00\",\"breadcrumb\":{\"@id\":\"https:\/\/goekalan-fotografie.de\/?page_id=488#breadcrumb\"},\"inLanguage\":\"de\",\"potentialAction\":[{\"@type\":\"ReadAction\",\"target\":[\"https:\/\/goekalan-fotografie.de\/?page_id=488\"]}]},{\"@type\":\"ImageObject\",\"inLanguage\":\"de\",\"@id\":\"https:\/\/goekalan-fotografie.de\/?page_id=488#primaryimage\",\"url\":\"https:\/\/xn--knigskinderfotografie-hec.de\/wp-content\/uploads\/2021\/01\/Untitled-3.jpg\",\"contentUrl\":\"https:\/\/xn--knigskinderfotografie-hec.de\/wp-content\/uploads\/2021\/01\/Untitled-3.jpg\"},{\"@type\":\"BreadcrumbList\",\"@id\":\"https:\/\/goekalan-fotografie.de\/?page_id=488#breadcrumb\",\"itemListElement\":[{\"@type\":\"ListItem\",\"position\":1,\"name\":\"Startseite\",\"item\":\"https:\/\/goekalan-fotografie.de\/\"},{\"@type\":\"ListItem\",\"position\":2,\"name\":\"Babyatelier\"}]},{\"@type\":\"WebSite\",\"@id\":\"https:\/\/goekalan-fotografie.de\/#website\",\"url\":\"https:\/\/goekalan-fotografie.de\/\",\"name\":\"G\u00f6kalan Fotografie\",\"description\":\"Nat\u00fcrlich - Pur - Kreativ Babyfotografie\",\"potentialAction\":[{\"@type\":\"SearchAction\",\"target\":{\"@type\":\"EntryPoint\",\"urlTemplate\":\"https:\/\/goekalan-fotografie.de\/?s={search_term_string}\"},\"query-input\":{\"@type\":\"PropertyValueSpecification\",\"valueRequired\":true,\"valueName\":\"search_term_string\"}}],\"inLanguage\":\"de\"}]}<\/script>\n<!-- \/ Yoast SEO plugin. -->","yoast_head_json":{"title":"Babyatelier - G\u00f6kalan Fotografie","robots":{"index":"index","follow":"follow","max-snippet":"max-snippet:-1","max-image-preview":"max-image-preview:large","max-video-preview":"max-video-preview:-1"},"canonical":"https:\/\/goekalan-fotografie.de\/?page_id=488","og_locale":"de_DE","og_type":"article","og_title":"Babyatelier - G\u00f6kalan Fotografie","og_description":"Einblick in mein kleines Babyatelier Nat\u00fcrlich &#8211; Pur -Kreativ In meinen Anf\u00e4ngen habe ich ausschlie\u00dflich in der freien Natur fotografiert, habe&nbsp; mir aber immer einen Platz gew\u00fcnscht, an dem ich insbesondere Babies in einer ruhigen Umgebung fotografieren kann. Unser Dachboden, der ungenutzt nur als Abstellkammer genutzt wurde, war perfekt daf\u00fcr geeignet. Nach wochenlangem Ausmisten und [&hellip;]","og_url":"https:\/\/goekalan-fotografie.de\/?page_id=488","og_site_name":"G\u00f6kalan Fotografie","article_modified_time":"2021-01-20T19:37:40+00:00","og_image":[{"url":"https:\/\/xn--knigskinderfotografie-hec.de\/wp-content\/uploads\/2021\/01\/Untitled-3.jpg","type":"","width":"","height":""}],"twitter_card":"summary_large_image","twitter_misc":{"Gesch\u00e4tzte Lesezeit":"1\u00a0Minute"},"schema":{"@context":"https:\/\/schema.org","@graph":[{"@type":"WebPage","@id":"https:\/\/goekalan-fotografie.de\/?page_id=488","url":"https:\/\/goekalan-fotografie.de\/?page_id=488","name":"Babyatelier - G\u00f6kalan Fotografie","isPartOf":{"@id":"https:\/\/goekalan-fotografie.de\/#website"},"primaryImageOfPage":{"@id":"https:\/\/goekalan-fotografie.de\/?page_id=488#primaryimage"},"image":{"@id":"https:\/\/goekalan-fotografie.de\/?page_id=488#primaryimage"},"thumbnailUrl":"https:\/\/xn--knigskinderfotografie-hec.de\/wp-content\/uploads\/2021\/01\/Untitled-3.jpg","datePublished":"2021-01-20T14:26:11+00:00","dateModified":"2021-01-20T19:37:40+00:00","breadcrumb":{"@id":"https:\/\/goekalan-fotografie.de\/?page_id=488#breadcrumb"},"inLanguage":"de","potentialAction":[{"@type":"ReadAction","target":["https:\/\/goekalan-fotografie.de\/?page_id=488"]}]},{"@type":"ImageObject","inLanguage":"de","@id":"https:\/\/goekalan-fotografie.de\/?page_id=488#primaryimage","url":"https:\/\/xn--knigskinderfotografie-hec.de\/wp-content\/uploads\/2021\/01\/Untitled-3.jpg","contentUrl":"https:\/\/xn--knigskinderfotografie-hec.de\/wp-content\/uploads\/2021\/01\/Untitled-3.jpg"},{"@type":"BreadcrumbList","@id":"https:\/\/goekalan-fotografie.de\/?page_id=488#breadcrumb","itemListElement":[{"@type":"ListItem","position":1,"name":"Startseite","item":"https:\/\/goekalan-fotografie.de\/"},{"@type":"ListItem","position":2,"name":"Babyatelier"}]},{"@type":"WebSite","@id":"https:\/\/goekalan-fotografie.de\/#website","url":"https:\/\/goekalan-fotografie.de\/","name":"G\u00f6kalan Fotografie","description":"Nat\u00fcrlich - Pur - Kreativ Babyfotografie","potentialAction":[{"@type":"SearchAction","target":{"@type":"EntryPoint","urlTemplate":"https:\/\/goekalan-fotografie.de\/?s={search_term_string}"},"query-input":{"@type":"PropertyValueSpecification","valueRequired":true,"valueName":"search_term_string"}}],"inLanguage":"de"}]}},"_links":{"self":[{"href":"https:\/\/goekalan-fotografie.de\/index.php?rest_route=\/wp\/v2\/pages\/488","targetHints":{"allow":["GET"]}}],"collection":[{"href":"https:\/\/goekalan-fotografie.de\/index.php?rest_route=\/wp\/v2\/pages"}],"about":[{"href":"https:\/\/goekalan-fotografie.de\/index.php?rest_route=\/wp\/v2\/types\/page"}],"author":[{"embeddable":true,"href":"https:\/\/goekalan-fotografie.de\/index.php?rest_route=\/wp\/v2\/users\/1"}],"replies":[{"embeddable":true,"href":"https:\/\/goekalan-fotografie.de\/index.php?rest_route=%2Fwp%2Fv2%2Fcomments&post=488"}],"version-history":[{"count":2,"href":"https:\/\/goekalan-fotografie.de\/index.php?rest_route=\/wp\/v2\/pages\/488\/revisions"}],"predecessor-version":[{"id":497,"href":"https:\/\/goekalan-fotografie.de\/index.php?rest_route=\/wp\/v2\/pages\/488\/revisions\/497"}],"wp:attachment":[{"href":"https:\/\/goekalan-fotografie.de\/index.php?rest_route=%2Fwp%2Fv2%2Fmedia&parent=488"}],"curies":[{"name":"wp","href":"https:\/\/api.w.org\/{rel}","templated":true}]}}