{"id":470,"date":"2021-01-18T19:26:37","date_gmt":"2021-01-18T19:26:37","guid":{"rendered":"https:\/\/goekalan-fotografie.de\/?page_id=470"},"modified":"2022-05-19T15:56:23","modified_gmt":"2022-05-19T15:56:23","slug":"babyfotografie-2","status":"publish","type":"page","link":"https:\/\/goekalan-fotografie.de\/?page_id=470","title":{"rendered":"\u00fcber mich"},"content":{"rendered":"\n<p><\/p>\n\n\n\n<p>Ich hei\u00dfe Fatma G\u00f6kalan und lebe mit meiner Familie in einer kleinen Gemeinde im idyllischen M\u00fcnsterland.<br>Die Fotografie hat mich von klein auf fasziniert. Mein Vater hat sicherlich seinen Teil dazu beigetragen. Denn mit ihm teile ich diese Leidenschaft. Seine 35mm Agfa Sensor aus den 70er Jahren, mit der ich gelegentlich auch knipsen durfte, hat bei mir einen Ehrenplatz.<br>Meine erste analoge Spiegelreflexkamera kaufte ich kurz nach der Geburt meines Sohnes 1996. Es war f\u00fcr mich immer wichtig, sch\u00f6ne Momente festzuhalten.<br>Auch wenn ich die analoge Fotografie sehr liebe, finde ich die Entwicklung in der digitalen Fotografie doch sehr aufregend. Wo fr\u00fcher die Spannung beim Abholen der Abz\u00fcge aus dem Fotogesch\u00e4ft war, ist sie jetzt beim Einlegen der Speicherkarte in den Computer. Es ist damals wie heute immer noch faszinierend zu sehen, wie man Augenblicke quasi einfrieren kann.<br>Das ist auch das, was ich als Fotografin f\u00fcr euch erreichen m\u00f6chte. Ich m\u00f6chte Augenblicke f\u00fcr euch festhalten, die euch ausmachen. Mit viel Liebe zum Detail m\u00f6chte ich Bilder schaffen, die Emotionen wecken und Geschichten erz\u00e4hlen. <\/p>\n","protected":false},"excerpt":{"rendered":"<p>Ich hei\u00dfe Fatma G\u00f6kalan und lebe mit meiner Familie in einer kleinen Gemeinde im idyllischen M\u00fcnsterland.Die Fotografie hat mich von klein auf fasziniert. Mein Vater hat sicherlich seinen Teil dazu beigetragen. Denn mit ihm teile ich diese Leidenschaft. Seine 35mm Agfa Sensor aus den 70er Jahren, mit der ich gelegentlich auch knipsen durfte, hat bei...<\/p>\n","protected":false},"author":1,"featured_media":242,"parent":0,"menu_order":0,"comment_status":"closed","ping_status":"closed","template":"","meta":{"pp_embeds":"{}","footnotes":""},"class_list":["post-470","page","type-page","status-publish","has-post-thumbnail","hentry"],"yoast_head":"<!-- This site is optimized with the Yoast SEO plugin v25.1 - https:\/\/yoast.com\/wordpress\/plugins\/seo\/ -->\n<title>\u00fcber mich - G\u00f6kalan Fotografie<\/title>\n<meta name=\"description\" content=\"Babyfotografie, Babyfotografin, Babyfotos, Neugeborenenfotos, Newbornshooting, M\u00fcnster, Ostbevern, Osnabr\u00fcck, G\u00fctersloh,\" \/>\n<meta name=\"robots\" content=\"index, follow, max-snippet:-1, max-image-preview:large, max-video-preview:-1\" \/>\n<link rel=\"canonical\" href=\"https:\/\/goekalan-fotografie.de\/?page_id=470\" \/>\n<meta property=\"og:locale\" content=\"de_DE\" \/>\n<meta property=\"og:type\" content=\"article\" \/>\n<meta property=\"og:title\" content=\"\u00fcber mich - G\u00f6kalan Fotografie\" \/>\n<meta property=\"og:description\" content=\"Babyfotografie, Babyfotografin, Babyfotos, Neugeborenenfotos, Newbornshooting, M\u00fcnster, Ostbevern, Osnabr\u00fcck, G\u00fctersloh,\" \/>\n<meta property=\"og:url\" content=\"https:\/\/goekalan-fotografie.de\/?page_id=470\" \/>\n<meta property=\"og:site_name\" content=\"G\u00f6kalan Fotografie\" \/>\n<meta property=\"article:modified_time\" content=\"2022-05-19T15:56:23+00:00\" \/>\n<meta property=\"og:image\" content=\"https:\/\/goekalan-fotografie.de\/wp-content\/uploads\/2021\/01\/18-43-pp_gallery\/2020-08-25_0009.jpg\" \/>\n\t<meta property=\"og:image:width\" content=\"2048\" \/>\n\t<meta property=\"og:image:height\" content=\"1365\" \/>\n\t<meta property=\"og:image:type\" content=\"image\/jpeg\" \/>\n<meta name=\"twitter:card\" content=\"summary_large_image\" \/>\n<meta name=\"twitter:label1\" content=\"Gesch\u00e4tzte Lesezeit\" \/>\n\t<meta name=\"twitter:data1\" content=\"1\u00a0Minute\" \/>\n<script type=\"application\/ld+json\" class=\"yoast-schema-graph\">{\"@context\":\"https:\/\/schema.org\",\"@graph\":[{\"@type\":\"WebPage\",\"@id\":\"https:\/\/goekalan-fotografie.de\/?page_id=470\",\"url\":\"https:\/\/goekalan-fotografie.de\/?page_id=470\",\"name\":\"\u00fcber mich - G\u00f6kalan Fotografie\",\"isPartOf\":{\"@id\":\"https:\/\/goekalan-fotografie.de\/#website\"},\"primaryImageOfPage\":{\"@id\":\"https:\/\/goekalan-fotografie.de\/?page_id=470#primaryimage\"},\"image\":{\"@id\":\"https:\/\/goekalan-fotografie.de\/?page_id=470#primaryimage\"},\"thumbnailUrl\":\"https:\/\/goekalan-fotografie.de\/wp-content\/uploads\/2021\/01\/18-43-pp_gallery\/2020-08-25_0009.jpg\",\"datePublished\":\"2021-01-18T19:26:37+00:00\",\"dateModified\":\"2022-05-19T15:56:23+00:00\",\"description\":\"Babyfotografie, Babyfotografin, Babyfotos, Neugeborenenfotos, Newbornshooting, M\u00fcnster, Ostbevern, Osnabr\u00fcck, G\u00fctersloh,\",\"breadcrumb\":{\"@id\":\"https:\/\/goekalan-fotografie.de\/?page_id=470#breadcrumb\"},\"inLanguage\":\"de\",\"potentialAction\":[{\"@type\":\"ReadAction\",\"target\":[\"https:\/\/goekalan-fotografie.de\/?page_id=470\"]}]},{\"@type\":\"ImageObject\",\"inLanguage\":\"de\",\"@id\":\"https:\/\/goekalan-fotografie.de\/?page_id=470#primaryimage\",\"url\":\"https:\/\/goekalan-fotografie.de\/wp-content\/uploads\/2021\/01\/18-43-pp_gallery\/2020-08-25_0009.jpg\",\"contentUrl\":\"https:\/\/goekalan-fotografie.de\/wp-content\/uploads\/2021\/01\/18-43-pp_gallery\/2020-08-25_0009.jpg\",\"width\":2048,\"height\":1365,\"caption\":\"Babyfotografie, Babyfotografin, Babyfotos, Neugeborenenfotos, Newbornshooting, M\u00fcnster, Ostbevern, Osnabr\u00fcck, G\u00fctersloh, Warendorf\"},{\"@type\":\"BreadcrumbList\",\"@id\":\"https:\/\/goekalan-fotografie.de\/?page_id=470#breadcrumb\",\"itemListElement\":[{\"@type\":\"ListItem\",\"position\":1,\"name\":\"Startseite\",\"item\":\"https:\/\/goekalan-fotografie.de\/\"},{\"@type\":\"ListItem\",\"position\":2,\"name\":\"\u00fcber mich\"}]},{\"@type\":\"WebSite\",\"@id\":\"https:\/\/goekalan-fotografie.de\/#website\",\"url\":\"https:\/\/goekalan-fotografie.de\/\",\"name\":\"G\u00f6kalan Fotografie\",\"description\":\"Nat\u00fcrlich - Pur - Kreativ Babyfotografie\",\"potentialAction\":[{\"@type\":\"SearchAction\",\"target\":{\"@type\":\"EntryPoint\",\"urlTemplate\":\"https:\/\/goekalan-fotografie.de\/?s={search_term_string}\"},\"query-input\":{\"@type\":\"PropertyValueSpecification\",\"valueRequired\":true,\"valueName\":\"search_term_string\"}}],\"inLanguage\":\"de\"}]}<\/script>\n<!-- \/ Yoast SEO plugin. -->","yoast_head_json":{"title":"\u00fcber mich - G\u00f6kalan Fotografie","description":"Babyfotografie, Babyfotografin, Babyfotos, Neugeborenenfotos, Newbornshooting, M\u00fcnster, Ostbevern, Osnabr\u00fcck, G\u00fctersloh,","robots":{"index":"index","follow":"follow","max-snippet":"max-snippet:-1","max-image-preview":"max-image-preview:large","max-video-preview":"max-video-preview:-1"},"canonical":"https:\/\/goekalan-fotografie.de\/?page_id=470","og_locale":"de_DE","og_type":"article","og_title":"\u00fcber mich - G\u00f6kalan Fotografie","og_description":"Babyfotografie, Babyfotografin, Babyfotos, Neugeborenenfotos, Newbornshooting, M\u00fcnster, Ostbevern, Osnabr\u00fcck, G\u00fctersloh,","og_url":"https:\/\/goekalan-fotografie.de\/?page_id=470","og_site_name":"G\u00f6kalan Fotografie","article_modified_time":"2022-05-19T15:56:23+00:00","og_image":[{"width":2048,"height":1365,"url":"https:\/\/goekalan-fotografie.de\/wp-content\/uploads\/2021\/01\/18-43-pp_gallery\/2020-08-25_0009.jpg","type":"image\/jpeg"}],"twitter_card":"summary_large_image","twitter_misc":{"Gesch\u00e4tzte Lesezeit":"1\u00a0Minute"},"schema":{"@context":"https:\/\/schema.org","@graph":[{"@type":"WebPage","@id":"https:\/\/goekalan-fotografie.de\/?page_id=470","url":"https:\/\/goekalan-fotografie.de\/?page_id=470","name":"\u00fcber mich - G\u00f6kalan Fotografie","isPartOf":{"@id":"https:\/\/goekalan-fotografie.de\/#website"},"primaryImageOfPage":{"@id":"https:\/\/goekalan-fotografie.de\/?page_id=470#primaryimage"},"image":{"@id":"https:\/\/goekalan-fotografie.de\/?page_id=470#primaryimage"},"thumbnailUrl":"https:\/\/goekalan-fotografie.de\/wp-content\/uploads\/2021\/01\/18-43-pp_gallery\/2020-08-25_0009.jpg","datePublished":"2021-01-18T19:26:37+00:00","dateModified":"2022-05-19T15:56:23+00:00","description":"Babyfotografie, Babyfotografin, Babyfotos, Neugeborenenfotos, Newbornshooting, M\u00fcnster, Ostbevern, Osnabr\u00fcck, G\u00fctersloh,","breadcrumb":{"@id":"https:\/\/goekalan-fotografie.de\/?page_id=470#breadcrumb"},"inLanguage":"de","potentialAction":[{"@type":"ReadAction","target":["https:\/\/goekalan-fotografie.de\/?page_id=470"]}]},{"@type":"ImageObject","inLanguage":"de","@id":"https:\/\/goekalan-fotografie.de\/?page_id=470#primaryimage","url":"https:\/\/goekalan-fotografie.de\/wp-content\/uploads\/2021\/01\/18-43-pp_gallery\/2020-08-25_0009.jpg","contentUrl":"https:\/\/goekalan-fotografie.de\/wp-content\/uploads\/2021\/01\/18-43-pp_gallery\/2020-08-25_0009.jpg","width":2048,"height":1365,"caption":"Babyfotografie, Babyfotografin, Babyfotos, Neugeborenenfotos, Newbornshooting, M\u00fcnster, Ostbevern, Osnabr\u00fcck, G\u00fctersloh, Warendorf"},{"@type":"BreadcrumbList","@id":"https:\/\/goekalan-fotografie.de\/?page_id=470#breadcrumb","itemListElement":[{"@type":"ListItem","position":1,"name":"Startseite","item":"https:\/\/goekalan-fotografie.de\/"},{"@type":"ListItem","position":2,"name":"\u00fcber mich"}]},{"@type":"WebSite","@id":"https:\/\/goekalan-fotografie.de\/#website","url":"https:\/\/goekalan-fotografie.de\/","name":"G\u00f6kalan Fotografie","description":"Nat\u00fcrlich - Pur - Kreativ Babyfotografie","potentialAction":[{"@type":"SearchAction","target":{"@type":"EntryPoint","urlTemplate":"https:\/\/goekalan-fotografie.de\/?s={search_term_string}"},"query-input":{"@type":"PropertyValueSpecification","valueRequired":true,"valueName":"search_term_string"}}],"inLanguage":"de"}]}},"_links":{"self":[{"href":"https:\/\/goekalan-fotografie.de\/index.php?rest_route=\/wp\/v2\/pages\/470","targetHints":{"allow":["GET"]}}],"collection":[{"href":"https:\/\/goekalan-fotografie.de\/index.php?rest_route=\/wp\/v2\/pages"}],"about":[{"href":"https:\/\/goekalan-fotografie.de\/index.php?rest_route=\/wp\/v2\/types\/page"}],"author":[{"embeddable":true,"href":"https:\/\/goekalan-fotografie.de\/index.php?rest_route=\/wp\/v2\/users\/1"}],"replies":[{"embeddable":true,"href":"https:\/\/goekalan-fotografie.de\/index.php?rest_route=%2Fwp%2Fv2%2Fcomments&post=470"}],"version-history":[{"count":3,"href":"https:\/\/goekalan-fotografie.de\/index.php?rest_route=\/wp\/v2\/pages\/470\/revisions"}],"predecessor-version":[{"id":808,"href":"https:\/\/goekalan-fotografie.de\/index.php?rest_route=\/wp\/v2\/pages\/470\/revisions\/808"}],"wp:featuredmedia":[{"embeddable":true,"href":"https:\/\/goekalan-fotografie.de\/index.php?rest_route=\/wp\/v2\/media\/242"}],"wp:attachment":[{"href":"https:\/\/goekalan-fotografie.de\/index.php?rest_route=%2Fwp%2Fv2%2Fmedia&parent=470"}],"curies":[{"name":"wp","href":"https:\/\/api.w.org\/{rel}","templated":true}]}}

über mich

<p></p>



<p>Ich heiße Fatma Gökalan und lebe mit meiner Familie in einer kleinen Gemeinde im idyllischen Münsterland.<br>Die Fotografie hat mich von klein auf fasziniert. Mein Vater hat sicherlich seinen Teil dazu beigetragen. Denn mit ihm teile ich diese Leidenschaft. Seine 35mm Agfa Sensor aus den 70er Jahren, mit der ich gelegentlich auch knipsen durfte, hat bei mir einen Ehrenplatz.<br>Meine erste analoge Spiegelreflexkamera kaufte ich kurz nach der Geburt meines Sohnes 1996. Es war für mich immer wichtig, schöne Momente festzuhalten.<br>Auch wenn ich die analoge Fotografie sehr liebe, finde ich die Entwicklung in der digitalen Fotografie doch sehr aufregend. Wo früher die Spannung beim Abholen der Abzüge aus dem Fotogeschäft war, ist sie jetzt beim Einlegen der Speicherkarte in den Computer. Es ist damals wie heute immer noch faszinierend zu sehen, wie man Augenblicke quasi einfrieren kann.<br>Das ist auch das, was ich als Fotografin für euch erreichen möchte. Ich möchte Augenblicke für euch festhalten, die euch ausmachen. Mit viel Liebe zum Detail möchte ich Bilder schaffen, die Emotionen wecken und Geschichten erzählen. </p>

<p>Ich heiße Fatma Gökalan und lebe mit meiner Familie in einer kleinen Gemeinde im idyllischen Münsterland.Die Fotografie hat mich von klein auf fasziniert. Mein Vater hat sicherlich seinen Teil dazu beigetragen. Denn mit ihm teile ich diese Leidenschaft. Seine 35mm Agfa Sensor aus den 70er Jahren, mit der ich gelegentlich auch knipsen durfte, hat bei...</p>

<!-- This site is optimized with the Yoast SEO plugin v25.1 - https://yoast.com/wordpress/plugins/seo/ -->
<title>über mich - Gökalan Fotografie</title>
<meta name="description" content="Babyfotografie, Babyfotografin, Babyfotos, Neugeborenenfotos, Newbornshooting, Münster, Ostbevern, Osnabrück, Gütersloh," />
<meta name="robots" content="index, follow, max-snippet:-1, max-image-preview:large, max-video-preview:-1" />
<link rel="canonical" href="https://goekalan-fotografie.de/?page_id=470" />
<meta property="og:locale" content="de_DE" />
<meta property="og:type" content="article" />
<meta property="og:title" content="über mich - Gökalan Fotografie" />
<meta property="og:description" content="Babyfotografie, Babyfotografin, Babyfotos, Neugeborenenfotos, Newbornshooting, Münster, Ostbevern, Osnabrück, Gütersloh," />
<meta property="og:url" content="https://goekalan-fotografie.de/?page_id=470" />
<meta property="og:site_name" content="Gökalan Fotografie" />
<meta property="article:modified_time" content="2022-05-19T15:56:23+00:00" />
<meta property="og:image" content="https://goekalan-fotografie.de/wp-content/uploads/2021/01/18-43-pp_gallery/2020-08-25_0009.jpg" />
	<meta property="og:image:width" content="2048" />
	<meta property="og:image:height" content="1365" />
	<meta property="og:image:type" content="image/jpeg" />
<meta name="twitter:card" content="summary_large_image" />
<meta name="twitter:label1" content="Geschätzte Lesezeit" />
	<meta name="twitter:data1" content="1 Minute" />
<script type="application/ld+json" class="yoast-schema-graph">{"@context":"https://schema.org","@graph":[{"@type":"WebPage","@id":"https://goekalan-fotografie.de/?page_id=470","url":"https://goekalan-fotografie.de/?page_id=470","name":"über mich - Gökalan Fotografie","isPartOf":{"@id":"https://goekalan-fotografie.de/#website"},"primaryImageOfPage":{"@id":"https://goekalan-fotografie.de/?page_id=470#primaryimage"},"image":{"@id":"https://goekalan-fotografie.de/?page_id=470#primaryimage"},"thumbnailUrl":"https://goekalan-fotografie.de/wp-content/uploads/2021/01/18-43-pp_gallery/2020-08-25_0009.jpg","datePublished":"2021-01-18T19:26:37+00:00","dateModified":"2022-05-19T15:56:23+00:00","description":"Babyfotografie, Babyfotografin, Babyfotos, Neugeborenenfotos, Newbornshooting, Münster, Ostbevern, Osnabrück, Gütersloh,","breadcrumb":{"@id":"https://goekalan-fotografie.de/?page_id=470#breadcrumb"},"inLanguage":"de","potentialAction":[{"@type":"ReadAction","target":["https://goekalan-fotografie.de/?page_id=470"]}]},{"@type":"ImageObject","inLanguage":"de","@id":"https://goekalan-fotografie.de/?page_id=470#primaryimage","url":"https://goekalan-fotografie.de/wp-content/uploads/2021/01/18-43-pp_gallery/2020-08-25_0009.jpg","contentUrl":"https://goekalan-fotografie.de/wp-content/uploads/2021/01/18-43-pp_gallery/2020-08-25_0009.jpg","width":2048,"height":1365,"caption":"Babyfotografie, Babyfotografin, Babyfotos, Neugeborenenfotos, Newbornshooting, Münster, Ostbevern, Osnabrück, Gütersloh, Warendorf"},{"@type":"BreadcrumbList","@id":"https://goekalan-fotografie.de/?page_id=470#breadcrumb","itemListElement":[{"@type":"ListItem","position":1,"name":"Startseite","item":"https://goekalan-fotografie.de/"},{"@type":"ListItem","position":2,"name":"über mich"}]},{"@type":"WebSite","@id":"https://goekalan-fotografie.de/#website","url":"https://goekalan-fotografie.de/","name":"Gökalan Fotografie","description":"Natürlich - Pur - Kreativ Babyfotografie","potentialAction":[{"@type":"SearchAction","target":{"@type":"EntryPoint","urlTemplate":"https://goekalan-fotografie.de/?s={search_term_string}"},"query-input":{"@type":"PropertyValueSpecification","valueRequired":true,"valueName":"search_term_string"}}],"inLanguage":"de"}]}</script>
<!-- / Yoast SEO plugin. -->

über mich - Gökalan Fotografie

Babyfotografie, Babyfotografin, Babyfotos, Neugeborenenfotos, Newbornshooting, Münster, Ostbevern, Osnabrück, Gütersloh,

Gökalan Fotografie

Babyfotografie, Babyfotografin, Babyfotos, Neugeborenenfotos, Newbornshooting, Münster, Ostbevern, Osnabrück, Gütersloh, Warendorf

Natürlich - Pur - Kreativ Babyfotografie
